 5 + (10 + -14 - 12).
-21
Calculate -15 - (16 - 8 - 20) - 9.
-12
Calculate 2 + (-5 - -12 - 24) - 2.
-17
4 - (-5 + -7) - ((3 - 6) + 2)
17
Calculate (-10 - -18 - 30) + 5.
-17
Evaluate (-12 - -45) + (-143 - -89).
-21
Evaluate -8 + -1 + (10 - 4) + -7 + 6.
-4
What is 1 - (12 - 1) - (-506 - -491)?
5
(-14 - -40) + -76 + 37
-13
What is the value of (-2 - 16) + (4 - -29) + -15?
0
What is the value of 4 + -5 + 10 + -7 - -10?
12
Calculate 13 - (9 + 1 - -5).
-2
-17 - (-7 + -7 - -5)
-8
Calculate -43 + 49 + -2 + 7.
11
What is 14 + (-6 - (13 - 15)) - 11?
-1
Evaluate (27 - (15 + 10)) + 3.
5
23 + -22 + (0 - 21)
-20
What is the value of -13 + 4 + 9 - -18?
18
161 - 148 - (-2 + 12) - (0 - 9)
12
What is the value of 13 - (-20 + 6 + 12)?
15
Evaluate (47 - 46 - (-1 - -1)) + 3 + -8.
-4
What is 45 + -89 - (-7 + -35)?
-2
Evaluate (2 + 7 - ((-9 - 1) + 8)) + 3.
14
Calculate 8 + 4 - 3 - (5 - -5).
-1
1 - -2 - ((83 - 39) + -57)
16
Calculate (3 - 19) + (9 - (-2 - -20)) - -5.
-20
What is 69 + (32 - 72) - 54?
-25
Calculate -2 - 3 - (-3 - (-5 - (-6 - -5))).
-6
Calculate 6 + -1 + 11 + 25 + -26.
15
36 - ((24 - 35) + 22)
25
What is -4 + 5 - ((2 - 8) + (1 - -4))?
2
What is the value of -15 + -8 + 12 + 10?
-1
Evaluate (-3 - (7 + -13)) + 0 + -6 + 0.
-3
Calculate 5 + 0 + -2 + -12.
-9
What is (-104 - -92) + (-2 - -12)?
-2
Calculate (-6 - (-19 - -18)) + (-3 - -1).
-7
6 + (-20 - (-10 + 1) - 6)
-11
(-1 - 1) + (3 - 7 - -6) - -3
3
Evaluate 28 + -27 - (-6 + -1).
8
What is the value of (8 - (1 + -8 + 6 + 4)) + 11?
16
What is (31 + -34 - -12) + -16?
-7
What is the value of -21 - (-43 - -15) - 41?
-34
Evaluate (2 + 1 - (1 - -1)) + 19 + -22.
-2
Calculate (-6 - 1) + -15 + 22 + -13.
-13
What is the value of -589 + 573 + (24 - -1)?
9
Calculate 4 - (8 + 1) - (1 - (-4 - -4)).
-6
-29 - (10 - 28) - -7
-4
5 + -7 - -10 - (2 + 9 + -9)
6
-21 + (1 - 18 - -26)
-12
Evaluate 17 + 0 + 7 + (20 + -55 - -18).
7
What is (7 - 0) + (2 + -9 - 9) + 0?
-9
Evaluate 34 - 36 - (16 - 3).
-15
What is the value of -10 + 3 - (-257 + 279)?
-29
-26 + (10 - 23) + 19 + 4 + 0
-16
-7 + -6 + 3 + (-18 - -10)
-18
Calculate (1 - 23 - -8) + -11.
-25
What is -7 - -9 - (-8 - 5 - -9)?
6
What is (-7 - -4) + 23 - (-54 - -59)?
15
Evaluate -9 + 6 + -3 + 0 - 1.
-7
What is the value of 8 + (-9 - 0) + -93 + 94 + 0?
0
2 - 0 - (14 + -29 + 9 + -15)
23
What is -584 - -591 - (3 + -1)?
5
(-53 - -63) + (-1 - -6) + -28
-13
Calculate -4 + 5 + 4 - (0 - 6 - 0).
11
What is 4 + (-1 - 3) + 0 + 1 + 1?
2
Calculate -6 + (9 - 7) + (0 + -3 - -15).
8
What is the value of -1 + (5 - 6) + 2 + -6 + 9?
3
Evaluate (4 + 2 - -1) + -14.
-7
What is 1 + (-20 - -2) + 35?
18
What is the value of 32 - (63 + -31) - 25?
-25
What is -16 + 6 + 5 - (8 + -6 - 6)?
-1
What is the value of (34 - 73) + 71 + 1 + 5?
38
Calculate -4 + (2 - -1) + -5 - (1 + 6).
-13
What is (-2 - -11) + -5 - (1 + 2)?
1
Calculate 10 - (14 - 4) - 7 - -26.
19
Calculate (190 - 201) + (0 - -2) + 12 + -2.
1
What is the value of (1 - -3) + 17 + -15 + 4?
10
What is -8 - ((-4 - -1) + 6 + -1)?
-10
What is the value of 697 + -717 - (-12 + 0)?
-8
Evaluate (-5 + 6 - 1) + 1 + 3 - 20.
-16
Calculate 31 + 9 + -40 + -1 + -9.
-10
Calculate -35 + -21 + 50 + -1 + -6 + -1.
-14
What is -29 - (-57 + 29) - -24?
23
Evaluate 8 + 2 - (3 + -3) - (59 + -71).
22
What is the value of 1 + -1 + -8 - (64 + (-70 - -6))?
-8
What is the value of 9 - (29 + -18 + 4) - -32?
26
Evaluate (-5 + -5 - -2) + 7 + -15 + 7.
-9
What is (-5 - 8) + (4 - (2 - -3) - -1)?
-13
What is 10 + -1 + 3 + 7?
19
2 - (-5 + -4 + (-14 - -24))
1
What is -21 - (-9 - 0) - (5 - 5)?
-12
7 + 3 + 50 + -83
-23
What is the value of -1 - -8 - (68 + -48 + 0 + 0)?
-13
What is the value of -1 - (-1 + (14 - 10)) - -1?
-3
Evaluate 13 + -17 - (-1 - -2).
-5
What is the value of 7 + -1 + 1 + (74 - 91) + 5?
-5
Evaluate (1 - -11) + 8 + (-4 - (-8 + 11)).
13
Calculate -11 - (-6 + -12) - 7.
0
What is the value of -4 + (-4 + 8 + 3 + -1 - 5)?
-3
What is (-5 - (17 + -10)) + (3 - -3) + -4?
-10
Calculate -7 + (5 - (19 - 12)) + (-1 - -6).
-4
What is the value of 14 - (1 + -6) - (15 + -8)?
12
What is the value of -47 + (-6 - 0 - (-181 + 159))?
-31
Calculate -7 + -7 + (-28 - -26) + 0 + -2.
-18
What is (-15 - (14 + -24)) + (-2 - (-18 - 0))?
11
What is -35 - -27 - (1 - 25)?
16
What is -11 - ((12 + 2 - 6) + -18)?
-1
Calculate (-1 + -3 - -2) + -22 + (17 - 10).
-17
What is the value of -33 - ((10 - (2 + 5)) + -18)?
-18
What is -3 - 1 - 10 - (6 + (-16 - -4))?
-8
Calculate 2 - (3 + -8 + (-6 + 0 - 1)).
14
Calculate 34 + (-18 - (23 - 35)).
28
5 + 14 - 5 - 15
-1
Calculate -1 + -9 + (109 - 95).
4
What is the value of (548 - 533) + -15 + 1?
1
What is the value of -5 - -1 - ((-18 - 2) + 29)?
-13
Calculate -47 + 31 + 28 - -6.
18
Evaluate -11 + (11 - -13 - 7).
6
Calculate 1 - (-22 - -3 - -34).
-14
Calculate 0 + -4 + -4 - (194 + -192).
-10
What is the value of -8 + (-3 - -2) + 184 + -175?
0
What is the value of -1 + -7 - (1 + -1) - (189 + -189)?
-8
Evaluate 1 - (40 - 3) - (-56 + 45).
-25
Evaluate (10 - 1) + (15 - 6) + -11.
7
What is 3 + (-17 - 0) + (-3 - (-12 - -5))?
-10
Evaluate -37 - -55 - (4 - (3 - 2)).
15
-7 + (11 - ((3 - 0) + -9))
10
(-5 - -6) + -13 + 16 + (3 - 10)
-3
Calculate 2430 + -2448 + 1 + 16.
-1
Evaluate -2 - (13 - 1 - -2).
-16
Calculate 5 + -1 + -2 + 0 + 6 + -7.
1
(-13 + 6 - -10) + 1 + (3 - 8)
-1
Calculate 0 + (-10 - (-4 - 13)).
7
What is the value of (15 - 2) + (-11 - 0) + -15?
-13
Calculate -7 - ((6 + -3 - -28) + -5 - 7).
-26
Evaluate -5 - (-7 - (-19 - -28)).
11
What is -4 + -8 + -16 + 16?
-12
Calculate 5 + -2 + -14 - (1 - 8).
-4
16 + (10 + -24 - 25)
-23
Calculate 12 - (-19 + -7 + 22 + 5).
11
Evaluate 12 - (25 - 19) - 15.
-9
(-14 - -6 - -10) + 0
2
Calculate (77 + -71 - (1 + 0)) + (-2 - 1).
2
What is the value of 0 + (-13 - -17 - -10)?
14
What is (-27 - (15 + -11)) + 13 + -1?
-19
Calculate 10 + 0 + (-160 - -161).
11
Calculate (-2 - 4) + (-15 - -33).
12
What is -4 + (-10 - -13) + -40 + 10?
-31
(-11 - 1) + 13 + -25 + 13
-11
What is 11 - (6 - (-2 + (0 - -4)))?
7
What is the value of (126 - 99) + (2 - 9) + -7?
13
Calculate (2 - 2 - 12) + (27 - (-16 + 38)).
-7
Calculate (-1 - (-4 - (-3 - -3))) + 128 + -118.
13
What is (-1 - 2) + -5 + 1 - (20 + -22)?
-5
Calculate 18 + -22 + (-4 - -2) + 6.
0
Calculate 32 - ((5 - 7) + 0) - (10 - 4).
28
What is the value of -8 - (41 - 48 - (-13 + (-2 - 4)))?
-20
2 - (8 - 3 - 6)
3
What is the value of 5 - ((-107 + 114 - (0 - -9)) + 0)?
7
What is (-2 - 5 - -18) + -12?
-1
Evaluate 18 + 12 + -19 - (5 - 7 - -38).
-25
What is -3 - (26 + -10) - -22?
3
Evaluate 5 - (-1 + 0 - -7).
-1
-19 + (9 + (3 + -17 - -4) - -6)
-14
Evaluate (8 - 13) + -4 + -4.
-13
What is the value of 11 - -1 - (244 + -231)?
-1
Evaluate 13 + (3 - (-6 + -4 + 9)).
17
Calculate -176 + 191 + (-1 - -4 - 14).
4
(-6 - 0 - 7) + 10 + 1
-2
What is the value of -20 - -8 - (-10 + -2)?
0
What is 8 + (7 + -6 + 3 - 20)?
-8
What is the value of 4 + -2 - 5 - (10 + (-5 - 1))?
-7
What is the value of -6 + (4 - 8) - -22?
12
What is the value of 26 - ((-27 - -13) + 60)?
-20
Evaluate 12 - (27 + -17) - (-1 + 0).
3
What is 94 + -84 - (22 + -2)?
-10
Evaluate (-18 - (-4 - (2 + 7))) + 17.
12
What is 1 + -19 + 211 + -188?
5
What is 0 + -10 + 8 + 3 + -7?
-6
What is the value of (-44 - -54 - (1 + 13)) + 6?
2
What is the value of (29 - -33 - 55) + -1 + 0?
6
What is the value of (-1 + 6 - 46) + 30?
-11
Calculate -47 + 48 + -4 + -9.
-12
Evaluate -5 + -3 - (3 + -15 - (-14 + 8)).
-2
What is (1 - -5) + (25 - 47)?
-16
(9 - 8) + -8 - 6
-13
What is 12 + (20 - 46) + 15?
1
Calculate -2 + (-30 - -6) + 14.
-12
What is -17 - -27 - (-3 + 13 + -1)?
1
Calculate 3 + -21 + (0 + -4 - -18).
-4
Calculate (-11 - (0 - ((0 - 5) + 14))) + 19.
17
What is -18 + 46 + (-15 - -5)?
18
What is 5 + -3 + (-5 - 2) + 12 + 10?
17
What is the value of -5 + 1 + (6 - 1) + -2 + 14?
13
Calculate 42 + (5 - 44) - (31 + (0 - -1)).
-29
1 + 12 - (45 + -102 - -42)
28
What is -13 - (-21 - (-8 + 2))?
2
What is (14 - 10) + -16 + 9?
-3
What is -47 - -50 - (-6 - 7 - -2)?
14
What is (-48 - -24) + (-3 - -5)?
-22
Calculate (0 + -6 - (-5 + 0 + 9)) + 23.
13
Calculate -32 - (-6 + -20 - -15).
-21
-20 - -6 - -1 - -6 - 1
-8
13 - (9 + -15) - (-3 - -2)
20
Calculate (3 - -5) + 2 + 15 + -22.
3
What is the value of 0 - -3 - (3 + -1 - (25 + -17))?
9
Calculate -2 + -8 + 49 + (16 - 43).
12
What is -11 + -4 + (15 - -1) 